{"id":226,"date":"2025-12-27T18:37:21","date_gmt":"2025-12-27T18:37:21","guid":{"rendered":"https:\/\/zareeistudio.com\/?page_id=226"},"modified":"2025-12-27T18:56:35","modified_gmt":"2025-12-27T18:56:35","slug":"zareei-studio-hakkinda","status":"publish","type":"page","link":"https:\/\/zareeistudio.com\/index.php\/zareei-studio-hakkinda\/","title":{"rendered":"ZAREEI STUDIO Hakk\u0131nda"},"content":{"rendered":"\t\t<div data-elementor-type=\"wp-page\" data-elementor-id=\"226\" class=\"elementor elementor-226\">\n\t\t\t\t<div class=\"elementor-element elementor-element-581c3f9 e-flex e-con-boxed e-con e-parent\" data-id=\"581c3f9\" data-element_type=\"container\">\n\t\t\t\t\t<div class=\"e-con-inner\">\n\t\t<div class=\"elementor-element elementor-element-58ee277 e-con-full e-flex e-con e-child\" data-id=\"58ee277\" data-element_type=\"container\">\n\t\t\t\t<div class=\"elementor-element elementor-element-b30d933 elementor-widget elementor-widget-image\" data-id=\"b30d933\" data-element_type=\"widget\" data-widget_type=\"image.default\">\n\t\t\t\t\t\t\t\t\t\t\t\t<figure class=\"wp-caption\">\n\t\t\t\t\t\t\t\t\t\t\t<a href=\"https:\/\/zareeistudio.com\/wp-content\/uploads\/2025\/12\/photo_2025-12-23_03-46-06-1.jpg\" data-elementor-open-lightbox=\"yes\" data-elementor-lightbox-title=\"ZAREEI STUDIO Hakk\u0131nda | 2011\u2019den Beri L\u00fcks Ah\u015fap \u00dcreticisi\" data-elementor-lightbox-description=\"ZAREEI STUDIO Hakk\u0131nda | 2011\u2019den Beri L\u00fcks Ah\u015fap \u00dcreticisi\" data-e-action-hash=\"#elementor-action%3Aaction%3Dlightbox%26settings%3DeyJpZCI6MjI5LCJ1cmwiOiJodHRwczpcL1wvemFyZWVpc3R1ZGlvLmNvbVwvd3AtY29udGVudFwvdXBsb2Fkc1wvMjAyNVwvMTJcL3Bob3RvXzIwMjUtMTItMjNfMDMtNDYtMDYtMS5qcGcifQ%3D%3D\">\n\t\t\t\t\t\t\t<img fetchpriority=\"high\" decoding=\"async\" width=\"300\" height=\"300\" src=\"https:\/\/zareeistudio.com\/wp-content\/uploads\/2025\/12\/photo_2025-12-23_03-46-06-1-300x300.jpg\" class=\"attachment-medium size-medium wp-image-229\" alt=\"ZAREEI STUDIO Hakk\u0131nda | 2011\u2019den Beri L\u00fcks Ah\u015fap \u00dcreticisi\" srcset=\"https:\/\/zareeistudio.com\/wp-content\/uploads\/2025\/12\/photo_2025-12-23_03-46-06-1-300x300.jpg 300w, https:\/\/zareeistudio.com\/wp-content\/uploads\/2025\/12\/photo_2025-12-23_03-46-06-1-100x100.jpg 100w, https:\/\/zareeistudio.com\/wp-content\/uploads\/2025\/12\/photo_2025-12-23_03-46-06-1-600x600.jpg 600w, https:\/\/zareeistudio.com\/wp-content\/uploads\/2025\/12\/photo_2025-12-23_03-46-06-1-150x150.jpg 150w, https:\/\/zareeistudio.com\/wp-content\/uploads\/2025\/12\/photo_2025-12-23_03-46-06-1-768x768.jpg 768w, https:\/\/zareeistudio.com\/wp-content\/uploads\/2025\/12\/photo_2025-12-23_03-46-06-1.jpg 1024w\" sizes=\"(max-width: 300px) 100vw, 300px\" \/>\t\t\t\t\t\t\t\t<\/a>\n\t\t\t\t\t\t\t\t\t\t\t<figcaption class=\"widget-image-caption wp-caption-text\">ZAREEI STUDIO Hakk\u0131nda | 2011\u2019den Beri L\u00fcks Ah\u015fap \u00dcreticisi<\/figcaption>\n\t\t\t\t\t\t\t\t\t\t<\/figure>\n\t\t\t\t\t\t\t\t\t<\/div>\n\t\t\t\t<div class=\"elementor-element elementor-element-65dfbf5 elementor-widget elementor-widget-heading\" data-id=\"65dfbf5\" data-element_type=\"widget\" data-widget_type=\"heading.default\">\n\t\t\t\t\t<h1 class=\"elementor-heading-title elementor-size-default\">ZAREEI STUDIO Hakk\u0131nda <\/h1>\t\t\t\t<\/div>\n\t\t\t\t<\/div>\n\t\t<div class=\"elementor-element elementor-element-9605c72 e-con-full e-flex e-con e-child\" data-id=\"9605c72\" data-element_type=\"container\">\n\t\t\t\t<\/div>\n\t\t<div class=\"elementor-element elementor-element-79e9eb6 e-con-full e-flex e-con e-child\" data-id=\"79e9eb6\" data-element_type=\"container\">\n\t\t\t\t<div class=\"elementor-element elementor-element-dcceccb elementor-widget elementor-widget-text-editor\" data-id=\"dcceccb\" data-element_type=\"widget\" data-widget_type=\"text-editor.default\">\n\t\t\t\t\t\t\t\t\t<h2>ZAREEI STUDIO Hakk\u0131nda<\/h2><p><strong><br><\/strong><\/p>\n<h3>ZAREEI STUDIO | L\u00fcks Ah\u015fap \u00dcreticisi<\/h3><div><br><\/div>\n<p>ZAREEI STUDIO, 2011 y\u0131l\u0131ndan bu yana \u0130stanbul, T\u00fcrkiye\u2019de faaliyet g\u00f6steren bir l\u00fcks ah\u015fap tasar\u0131m ve \u00fcretim firmas\u0131d\u0131r.<\/p>\n<p>Tam donan\u0131ml\u0131 ah\u015fap at\u00f6lyemiz ve geli\u015fmi\u015f marangozluk makinelerimiz ile y\u00fcksek standartlarda l\u00fcks ah\u015fap \u00fcr\u00fcnler tasarl\u0131yor ve \u00fcretiyoruz.<\/p>\n<p>Konut, ticari ve uluslararas\u0131 l\u00fcks projeler i\u00e7in \u00f6zel ah\u015fap \u00e7\u00f6z\u00fcmler sunarak; geleneksel ustal\u0131k, modern \u00fcretim teknikleri ve estetik tasar\u0131m\u0131 bir araya getiriyoruz.<\/p>\n<p>Uzmanl\u0131k Alanlar\u0131m\u0131z ve At\u00f6lyemiz<\/p><p><br><\/p>\n<p>At\u00f6lyemiz, \u00fcretimin t\u00fcm a\u015famalar\u0131n\u0131 kendi b\u00fcnyemizde ger\u00e7ekle\u015ftirebilecek profesyonel makine parkuruna sahiptir.<\/p>\n<p>Hammadde se\u00e7iminden son y\u00fczey i\u015flemlerine kadar t\u00fcm s\u00fcre\u00e7ler titizlikle kontrol edilerek y\u00fcksek kalite ve s\u00fcreklilik sa\u011flan\u0131r.<\/p><p><br><\/p>\n<p>&nbsp;Kalite, Profesyonellik ve \u00c7evre Duyarl\u0131l\u0131\u011f\u0131<\/p>\n<p><b>ZAREEI STUDIO<\/b>\u2019da kalite bir tercih de\u011fil, temel bir ilkedir.<\/p>\n<p>Her projede profesyonel hizmet anlay\u0131\u015f\u0131, hassas i\u015f\u00e7ilik ve uzun \u00f6m\u00fcrl\u00fc \u00fcr\u00fcnler sunmay\u0131 hedefleriz.<\/p>\n<p>\u00c7evre dostu bir marka olarak; s\u00fcrd\u00fcr\u00fclebilir ah\u015fap kaynaklar\u0131n\u0131 tercih eder, \u00e7evreye duyarl\u0131 \u00fcretim teknikleri uygular ve do\u011fal kaynaklara sayg\u0131l\u0131 bir \u00fcretim anlay\u0131\u015f\u0131 benimseriz.<\/p><p><br><\/p>\n<p>&nbsp;Vizyonumuz<\/p>\n<p>L\u00fcks ah\u015fap sekt\u00f6r\u00fcnde yenilik\u00e7i yakla\u015f\u0131m\u0131m\u0131z ve y\u00fcksek kalite standartlar\u0131m\u0131z ile global pazarda g\u00fcvenilir ve \u00f6nc\u00fc bir marka olmak.<\/p>\t\t\t\t\t\t\t\t<\/div>\n\t\t\t\t<\/div>\n\t\t\t\t\t<\/div>\n\t\t\t\t<\/div>\n\t\t\t\t<\/div>\n\t\t\n    <div class=\"xs_social_share_widget xs_share_url after_content \t\tmain_content  wslu-style-1 wslu-share-box-shaped wslu-fill-colored wslu-none wslu-share-horizontal wslu-theme-font-no wslu-main_content\">\n\n\t\t\n        <ul>\n\t\t\t        <\/ul>\n    <\/div> \n","protected":false},"excerpt":{"rendered":"<p>ZAREEI STUDIO Hakk\u0131nda | 2011\u2019den Beri L\u00fcks Ah\u015fap \u00dcreticisi ZAREEI STUDIO Hakk\u0131nda ZAREEI STUDIO Hakk\u0131nda ZAREEI STUDIO | L\u00fcks Ah\u015fap [&hellip;]<\/p>\n","protected":false},"author":1,"featured_media":0,"parent":0,"menu_order":0,"comment_status":"closed","ping_status":"closed","template":"","meta":{"site-sidebar-layout":"default","site-content-layout":"","ast-site-content-layout":"default","site-content-style":"default","site-sidebar-style":"default","ast-global-header-display":"","ast-banner-title-visibility":"","ast-main-header-display":"","ast-hfb-above-header-display":"","ast-hfb-below-header-display":"","ast-hfb-mobile-header-display":"","site-post-title":"","ast-breadcrumbs-content":"","ast-featured-img":"","footer-sml-layout":"","ast-disable-related-posts":"","theme-transparent-header-meta":"","adv-header-id-meta":"","stick-header-meta":"","header-above-stick-meta":"","header-main-stick-meta":"","header-below-stick-meta":"","astra-migrate-meta-layouts":"default","ast-page-background-enabled":"default","ast-page-background-meta":{"desktop":{"background-color":"var(--ast-global-color-5)","background-image":"","background-repeat":"repeat","background-position":"center center","background-size":"auto","background-attachment":"scroll","background-type":"","background-media":"","overlay-type":"","overlay-color":"","overlay-opacity":"","overlay-gradient":""},"tablet":{"background-color":"","background-image":"","background-repeat":"repeat","background-position":"center center","background-size":"auto","background-attachment":"scroll","background-type":"","background-media":"","overlay-type":"","overlay-color":"","overlay-opacity":"","overlay-gradient":""},"mobile":{"background-color":"","background-image":"","background-repeat":"repeat","background-position":"center center","background-size":"auto","background-attachment":"scroll","background-type":"","background-media":"","overlay-type":"","overlay-color":"","overlay-opacity":"","overlay-gradient":""}},"ast-content-background-meta":{"desktop":{"background-color":"var(--ast-global-color-4)","background-image":"","background-repeat":"repeat","background-position":"center center","background-size":"auto","background-attachment":"scroll","background-type":"","background-media":"","overlay-type":"","overlay-color":"","overlay-opacity":"","overlay-gradient":""},"tablet":{"background-color":"var(--ast-global-color-4)","background-image":"","background-repeat":"repeat","background-position":"center center","background-size":"auto","background-attachment":"scroll","background-type":"","background-media":"","overlay-type":"","overlay-color":"","overlay-opacity":"","overlay-gradient":""},"mobile":{"background-color":"var(--ast-global-color-4)","background-image":"","background-repeat":"repeat","background-position":"center center","background-size":"auto","background-attachment":"scroll","background-type":"","background-media":"","overlay-type":"","overlay-color":"","overlay-opacity":"","overlay-gradient":""}},"footnotes":""},"class_list":["post-226","page","type-page","status-publish","hentry"],"yoast_head":"<!-- This site is optimized with the Yoast SEO plugin v26.7 - https:\/\/yoast.com\/wordpress\/plugins\/seo\/ -->\n<title>ZAREEI STUDIO Hakk\u0131nda - ZAREEI STUDIO : Wood Luxury Designer &amp; Producer<\/title>\n<meta name=\"description\" content=\"ZAREEI STUDIO \u0130stanbul merkezli l\u00fcks ah\u015fap \u00fcreticisidir. Y\u00fcksek kaliteli, \u00f6zel tasar\u0131m ve \u00e7evre dostu ah\u015fap \u00fcr\u00fcnler \u00fcretir.\" \/>\n<meta name=\"robots\" content=\"index, follow, max-snippet:-1, max-image-preview:large, max-video-preview:-1\" \/>\n<link rel=\"canonical\" href=\"https:\/\/zareeistudio.com\/index.php\/zareei-studio-hakkinda\/\" \/>\n<meta property=\"og:locale\" content=\"en_US\" \/>\n<meta property=\"og:type\" content=\"article\" \/>\n<meta property=\"og:title\" content=\"ZAREEI STUDIO Hakk\u0131nda - ZAREEI STUDIO : Wood Luxury Designer &amp; Producer\" \/>\n<meta property=\"og:description\" content=\"ZAREEI STUDIO \u0130stanbul merkezli l\u00fcks ah\u015fap \u00fcreticisidir. Y\u00fcksek kaliteli, \u00f6zel tasar\u0131m ve \u00e7evre dostu ah\u015fap \u00fcr\u00fcnler \u00fcretir.\" \/>\n<meta property=\"og:url\" content=\"https:\/\/zareeistudio.com\/index.php\/zareei-studio-hakkinda\/\" \/>\n<meta property=\"og:site_name\" content=\"ZAREEI STUDIO : Wood Luxury Designer &amp; Producer\" \/>\n<meta property=\"article:modified_time\" content=\"2025-12-27T18:56:35+00:00\" \/>\n<meta property=\"og:image\" content=\"https:\/\/zareeistudio.com\/wp-content\/uploads\/2025\/12\/photo_2025-12-23_03-46-06-1.jpg\" \/>\n\t<meta property=\"og:image:width\" content=\"1024\" \/>\n\t<meta property=\"og:image:height\" content=\"1024\" \/>\n\t<meta property=\"og:image:type\" content=\"image\/jpeg\" \/>\n<meta name=\"twitter:card\" content=\"summary_large_image\" \/>\n<meta name=\"twitter:label1\" content=\"Est. reading time\" \/>\n\t<meta name=\"twitter:data1\" content=\"1 minute\" \/>\n<script type=\"application\/ld+json\" class=\"yoast-schema-graph\">{\"@context\":\"https:\/\/schema.org\",\"@graph\":[{\"@type\":\"WebPage\",\"@id\":\"https:\/\/zareeistudio.com\/index.php\/zareei-studio-hakkinda\/\",\"url\":\"https:\/\/zareeistudio.com\/index.php\/zareei-studio-hakkinda\/\",\"name\":\"ZAREEI STUDIO Hakk\u0131nda - ZAREEI STUDIO : Wood Luxury Designer &amp; Producer\",\"isPartOf\":{\"@id\":\"https:\/\/zareeistudio.com\/#website\"},\"primaryImageOfPage\":{\"@id\":\"https:\/\/zareeistudio.com\/index.php\/zareei-studio-hakkinda\/#primaryimage\"},\"image\":{\"@id\":\"https:\/\/zareeistudio.com\/index.php\/zareei-studio-hakkinda\/#primaryimage\"},\"thumbnailUrl\":\"https:\/\/zareeistudio.com\/wp-content\/uploads\/2025\/12\/photo_2025-12-23_03-46-06-1-300x300.jpg\",\"datePublished\":\"2025-12-27T18:37:21+00:00\",\"dateModified\":\"2025-12-27T18:56:35+00:00\",\"description\":\"ZAREEI STUDIO \u0130stanbul merkezli l\u00fcks ah\u015fap \u00fcreticisidir. Y\u00fcksek kaliteli, \u00f6zel tasar\u0131m ve \u00e7evre dostu ah\u015fap \u00fcr\u00fcnler \u00fcretir.\",\"breadcrumb\":{\"@id\":\"https:\/\/zareeistudio.com\/index.php\/zareei-studio-hakkinda\/#breadcrumb\"},\"inLanguage\":\"en-US\",\"potentialAction\":[{\"@type\":\"ReadAction\",\"target\":[\"https:\/\/zareeistudio.com\/index.php\/zareei-studio-hakkinda\/\"]}]},{\"@type\":\"ImageObject\",\"inLanguage\":\"en-US\",\"@id\":\"https:\/\/zareeistudio.com\/index.php\/zareei-studio-hakkinda\/#primaryimage\",\"url\":\"https:\/\/zareeistudio.com\/wp-content\/uploads\/2025\/12\/photo_2025-12-23_03-46-06-1.jpg\",\"contentUrl\":\"https:\/\/zareeistudio.com\/wp-content\/uploads\/2025\/12\/photo_2025-12-23_03-46-06-1.jpg\",\"width\":1024,\"height\":1024,\"caption\":\"ZAREEI STUDIO Hakk\u0131nda | 2011\u2019den Beri L\u00fcks Ah\u015fap \u00dcreticisi\"},{\"@type\":\"BreadcrumbList\",\"@id\":\"https:\/\/zareeistudio.com\/index.php\/zareei-studio-hakkinda\/#breadcrumb\",\"itemListElement\":[{\"@type\":\"ListItem\",\"position\":1,\"name\":\"Home\",\"item\":\"https:\/\/zareeistudio.com\/\"},{\"@type\":\"ListItem\",\"position\":2,\"name\":\"ZAREEI STUDIO Hakk\u0131nda\"}]},{\"@type\":\"WebSite\",\"@id\":\"https:\/\/zareeistudio.com\/#website\",\"url\":\"https:\/\/zareeistudio.com\/\",\"name\":\"ZAREEI STUDIO : Wood Luxury Designer &amp; Producer\",\"description\":\"Designed to Endure. Crafted to Inspire.\",\"publisher\":{\"@id\":\"https:\/\/zareeistudio.com\/#organization\"},\"potentialAction\":[{\"@type\":\"SearchAction\",\"target\":{\"@type\":\"EntryPoint\",\"urlTemplate\":\"https:\/\/zareeistudio.com\/?s={search_term_string}\"},\"query-input\":{\"@type\":\"PropertyValueSpecification\",\"valueRequired\":true,\"valueName\":\"search_term_string\"}}],\"inLanguage\":\"en-US\"},{\"@type\":\"Organization\",\"@id\":\"https:\/\/zareeistudio.com\/#organization\",\"name\":\"ZAREEI STUDIO : Wood Luxury Designer &amp; Producer\",\"url\":\"https:\/\/zareeistudio.com\/\",\"logo\":{\"@type\":\"ImageObject\",\"inLanguage\":\"en-US\",\"@id\":\"https:\/\/zareeistudio.com\/#\/schema\/logo\/image\/\",\"url\":\"https:\/\/zareeistudio.com\/wp-content\/uploads\/2025\/12\/cropped-photo_2025-12-23_03-46-06.jpg\",\"contentUrl\":\"https:\/\/zareeistudio.com\/wp-content\/uploads\/2025\/12\/cropped-photo_2025-12-23_03-46-06.jpg\",\"width\":655,\"height\":710,\"caption\":\"ZAREEI STUDIO : Wood Luxury Designer &amp; Producer\"},\"image\":{\"@id\":\"https:\/\/zareeistudio.com\/#\/schema\/logo\/image\/\"}}]}<\/script>\n<!-- \/ Yoast SEO plugin. -->","yoast_head_json":{"title":"ZAREEI STUDIO Hakk\u0131nda - ZAREEI STUDIO : Wood Luxury Designer &amp; Producer","description":"ZAREEI STUDIO \u0130stanbul merkezli l\u00fcks ah\u015fap \u00fcreticisidir. Y\u00fcksek kaliteli, \u00f6zel tasar\u0131m ve \u00e7evre dostu ah\u015fap \u00fcr\u00fcnler \u00fcretir.","robots":{"index":"index","follow":"follow","max-snippet":"max-snippet:-1","max-image-preview":"max-image-preview:large","max-video-preview":"max-video-preview:-1"},"canonical":"https:\/\/zareeistudio.com\/index.php\/zareei-studio-hakkinda\/","og_locale":"en_US","og_type":"article","og_title":"ZAREEI STUDIO Hakk\u0131nda - ZAREEI STUDIO : Wood Luxury Designer &amp; Producer","og_description":"ZAREEI STUDIO \u0130stanbul merkezli l\u00fcks ah\u015fap \u00fcreticisidir. Y\u00fcksek kaliteli, \u00f6zel tasar\u0131m ve \u00e7evre dostu ah\u015fap \u00fcr\u00fcnler \u00fcretir.","og_url":"https:\/\/zareeistudio.com\/index.php\/zareei-studio-hakkinda\/","og_site_name":"ZAREEI STUDIO : Wood Luxury Designer &amp; Producer","article_modified_time":"2025-12-27T18:56:35+00:00","og_image":[{"width":1024,"height":1024,"url":"https:\/\/zareeistudio.com\/wp-content\/uploads\/2025\/12\/photo_2025-12-23_03-46-06-1.jpg","type":"image\/jpeg"}],"twitter_card":"summary_large_image","twitter_misc":{"Est. reading time":"1 minute"},"schema":{"@context":"https:\/\/schema.org","@graph":[{"@type":"WebPage","@id":"https:\/\/zareeistudio.com\/index.php\/zareei-studio-hakkinda\/","url":"https:\/\/zareeistudio.com\/index.php\/zareei-studio-hakkinda\/","name":"ZAREEI STUDIO Hakk\u0131nda - ZAREEI STUDIO : Wood Luxury Designer &amp; Producer","isPartOf":{"@id":"https:\/\/zareeistudio.com\/#website"},"primaryImageOfPage":{"@id":"https:\/\/zareeistudio.com\/index.php\/zareei-studio-hakkinda\/#primaryimage"},"image":{"@id":"https:\/\/zareeistudio.com\/index.php\/zareei-studio-hakkinda\/#primaryimage"},"thumbnailUrl":"https:\/\/zareeistudio.com\/wp-content\/uploads\/2025\/12\/photo_2025-12-23_03-46-06-1-300x300.jpg","datePublished":"2025-12-27T18:37:21+00:00","dateModified":"2025-12-27T18:56:35+00:00","description":"ZAREEI STUDIO \u0130stanbul merkezli l\u00fcks ah\u015fap \u00fcreticisidir. Y\u00fcksek kaliteli, \u00f6zel tasar\u0131m ve \u00e7evre dostu ah\u015fap \u00fcr\u00fcnler \u00fcretir.","breadcrumb":{"@id":"https:\/\/zareeistudio.com\/index.php\/zareei-studio-hakkinda\/#breadcrumb"},"inLanguage":"en-US","potentialAction":[{"@type":"ReadAction","target":["https:\/\/zareeistudio.com\/index.php\/zareei-studio-hakkinda\/"]}]},{"@type":"ImageObject","inLanguage":"en-US","@id":"https:\/\/zareeistudio.com\/index.php\/zareei-studio-hakkinda\/#primaryimage","url":"https:\/\/zareeistudio.com\/wp-content\/uploads\/2025\/12\/photo_2025-12-23_03-46-06-1.jpg","contentUrl":"https:\/\/zareeistudio.com\/wp-content\/uploads\/2025\/12\/photo_2025-12-23_03-46-06-1.jpg","width":1024,"height":1024,"caption":"ZAREEI STUDIO Hakk\u0131nda | 2011\u2019den Beri L\u00fcks Ah\u015fap \u00dcreticisi"},{"@type":"BreadcrumbList","@id":"https:\/\/zareeistudio.com\/index.php\/zareei-studio-hakkinda\/#breadcrumb","itemListElement":[{"@type":"ListItem","position":1,"name":"Home","item":"https:\/\/zareeistudio.com\/"},{"@type":"ListItem","position":2,"name":"ZAREEI STUDIO Hakk\u0131nda"}]},{"@type":"WebSite","@id":"https:\/\/zareeistudio.com\/#website","url":"https:\/\/zareeistudio.com\/","name":"ZAREEI STUDIO : Wood Luxury Designer &amp; Producer","description":"Designed to Endure. Crafted to Inspire.","publisher":{"@id":"https:\/\/zareeistudio.com\/#organization"},"potentialAction":[{"@type":"SearchAction","target":{"@type":"EntryPoint","urlTemplate":"https:\/\/zareeistudio.com\/?s={search_term_string}"},"query-input":{"@type":"PropertyValueSpecification","valueRequired":true,"valueName":"search_term_string"}}],"inLanguage":"en-US"},{"@type":"Organization","@id":"https:\/\/zareeistudio.com\/#organization","name":"ZAREEI STUDIO : Wood Luxury Designer &amp; Producer","url":"https:\/\/zareeistudio.com\/","logo":{"@type":"ImageObject","inLanguage":"en-US","@id":"https:\/\/zareeistudio.com\/#\/schema\/logo\/image\/","url":"https:\/\/zareeistudio.com\/wp-content\/uploads\/2025\/12\/cropped-photo_2025-12-23_03-46-06.jpg","contentUrl":"https:\/\/zareeistudio.com\/wp-content\/uploads\/2025\/12\/cropped-photo_2025-12-23_03-46-06.jpg","width":655,"height":710,"caption":"ZAREEI STUDIO : Wood Luxury Designer &amp; Producer"},"image":{"@id":"https:\/\/zareeistudio.com\/#\/schema\/logo\/image\/"}}]}},"jetpack_sharing_enabled":true,"_links":{"self":[{"href":"https:\/\/zareeistudio.com\/index.php\/wp-json\/wp\/v2\/pages\/226","targetHints":{"allow":["GET"]}}],"collection":[{"href":"https:\/\/zareeistudio.com\/index.php\/wp-json\/wp\/v2\/pages"}],"about":[{"href":"https:\/\/zareeistudio.com\/index.php\/wp-json\/wp\/v2\/types\/page"}],"author":[{"embeddable":true,"href":"https:\/\/zareeistudio.com\/index.php\/wp-json\/wp\/v2\/users\/1"}],"replies":[{"embeddable":true,"href":"https:\/\/zareeistudio.com\/index.php\/wp-json\/wp\/v2\/comments?post=226"}],"version-history":[{"count":4,"href":"https:\/\/zareeistudio.com\/index.php\/wp-json\/wp\/v2\/pages\/226\/revisions"}],"predecessor-version":[{"id":232,"href":"https:\/\/zareeistudio.com\/index.php\/wp-json\/wp\/v2\/pages\/226\/revisions\/232"}],"wp:attachment":[{"href":"https:\/\/zareeistudio.com\/index.php\/wp-json\/wp\/v2\/media?parent=226"}],"curies":[{"name":"wp","href":"https:\/\/api.w.org\/{rel}","templated":true}]}}